5. Let f(t) be the second derivative of n(t). Determine f(-1).
8
Suppose -36 = 8*y - 20*y. Suppose 2*f + 2*j = -0*f + 30, -5*f + 81 = -j. Suppose 0 = n + y*n + f. Let t(s) = s**2 + 5*s. Give t(n).
-4
Let z(y) be the second derivative of -y**5/20 + y**4/6 + 2*y**3/3 - y**2/2 + y + 7. Give z(4).
-17
Let n(q) = 11*q**3 - 14*q**2 - 5*q - 16. Let u(f) = 5*f**3 - 7*f**2 - 3*f - 8. Let i(w) = -6*n(w) + 13*u(w). Give i(-6).
10
Let h(m) = -m**2 + 3*m + 2. Let o be h(3). Let f(t) = -3 - 4 + t + 2 - o. Give f(7).
0
Suppose -11*w + 20 = -35. Let g(h) = -h**2 + 3*h + 4. What is g(w)?
-6
Let d(b) be the third derivative of 11*b**5/60 + b**3/6 - 187*b**2. What is d(-1)?
12
Let h be 3/9 + 58/6. Suppose t - 52 = -4*x, -4*t + h + 42 = 4*x. Suppose 2*r = -8, -2*f + x = 3*f + 3*r. Let i(p) = -p**2 + 5*p. What is i(f)?
0
Let q(z) = z**3 - 5*z**2 - 2*z + 5. Let y be (-3)/(-3)*(8 - 9). Let f be -3*(0 - 1)/y + 8. What is q(f)?
-5
Let f(q) = -q**2 + 5*q + 7. Let r be ((-20)/(-8))/5*1*16. Suppose 0 = r*p - 5 - 35. Determine f(p).
7
Suppose -5*j + 0*j - 35 = 0. Let q be (1/3)/(j/(-84)). Let i(z) = 4*z + 580 - z - 290 - 296. Calculate i(q).
6
Let d(l) be the third derivative of l**4/24 - l**3/3 - 17*l**2 + 5. Let f(a) = -2*a - 6 - 1 + a. Let g be f(-5). Determine d(g).
-4
Let n(y) be the second derivative of -y**5/20 + y**4/2 - y**3 + 5*y**2/2 + 2*y - 13. Determine n(5).
0
Suppose 3*r = 6 + 12. Let s(c) = 5*c**3 + 5*c**2 - 7. Let g(b) = b**3. Let z(t) = r*g(t) - s(t). Let n be (23/46)/(1/10). What is z(n)?
7
Let t(o) = -o**3 + o. Suppose 5*w = 20, 3*u = u - 5*w + 36. Suppose -3*f = -u*f. Calculate t(f).
0
Let v = -987 - -985. Let u(o) be the third derivative of -o**5/120 - o**4/6 - o**3/6 - 2*o**2. Let j(w) be the first derivative of u(w). Calculate j(v).
-2
Let x(l) be the third derivative of l**5/60 - l**4/3 + 5*l**3/6 - 5*l**2. Let d = -3 + 10. Determine x(d).
-2
Let d be (-21)/14*8/(-6). Let r(f) = 10*f - 14*f + 6*f**3 - d*f**2 + 6*f - 1. What is r(1)?
5
Let i be (-1392)/336 + 1/7. Let r(d) = -d**3 - 4*d**2 + 3*d + 15. Give r(i).
3
Let d(r) = 24*r**2 - 5*r + 6. Let f(u) = 26*u**2 - 6*u + 7. Let o(y) = 6*d(y) - 5*f(y). Determine o(1).
15
Let v(m) = 4*m - 6. Let h be -15*(8/(-10) - 0/8). Let y(t) = -t + 16. Let u be y(h). Calculate v(u).
10
Suppose -9*g - 10 = -28. Suppose 4*d = 3*c - 26, 2*d + 0*d + g = -4*c. Let q(n) be the third derivative of n**5/60 + 5*n**4/24 + n**3/6 + 2*n**2. Give q(d).
1
Suppose -2*g + 95 = 3*g. Suppose 4*q - g = -3. Let a(i) = -i**2 + 8*i - 5. Determine a(q).
11
Let h(f) be the second derivative of -f - 1/6*f**3 + 0 + 7*f**2. Give h(0).
14
Suppose 0 = -110*v + 115*v + 60. Let p(k) = -k**2 - 12*k - 1. Give p(v).
-1
Suppose 4*t - 37 = -y + 6*y, -2*t = -5*y - 31. Suppose -a - 3*a = -12. Let v(f) = f**3 - a*f**2 - 2*f - 3*f**3 - t*f**3 + 4*f**3. What is v(-3)?
6
Let o(i) = 4*i**2 + 3*i - 3*i - 5 + i**3. Let f(c) = -10*c + 46. Let w be f(5). Determine o(w).
-5
Let n(t) = 2*t**2 - 5*t + 3 + 2*t - 3*t**2. Let a = 155 - -77. Let r be ((-2)/(-3))/(a/60 + -4). Give n(r).
-7
Let p(x) = -3*x**3 - 1. Let k be p(1). Let g(r) = -69*r - 34. Let w(d) = 44*d + 22. Let z(j) = -5*g(j) - 8*w(j). Calculate z(k).
22
Let m(h) = -h**3 - 2*h**2 + 2*h - 2. Let j be m(-3). Let n(o) be the third derivative of 7/60*o**5 - 11*o**2 + 0*o + 0*o**4 + 0 + 1/6*o**3. What is n(j)?
8
Let o(a) be the second derivative of 2*a**3/3 + 7*a**2/2 - 173*a. Calculate o(-5).
-13
Let v(w) = -8*w**3 - 2*w**2 + w - 3. Let a(l) = 7*l**3 + l**2 - l + 3. Let y(u) = -7*a(u) - 6*v(u). Suppose 4*t - 8 = 2*t. Give y(t).
17
Let b(s) = -7*s - 1. Let d(l) = -30*l - 10. Let m(z) = -4*b(z) + d(z). Let x(n) = -n - 2. Let r be x(3). Give m(r).
4
Let l(w) = -115*w**2 - 31*w + 23*w + 117*w**2. Determine l(5).
10
Let w(i) = i**3 + 6*i**2 + 5. Suppose -3*y = -0*y - 3*c, 4*c - 8 = 0. Suppose y*q - 5*k - 8 = 0, 6 = 3*q + 3*k + 36. What is w(q)?
5
Let j(y) be the third derivative of -y**4/24 + y**3/6 - 3*y**2 - 5. What is j(3)?
-2
Let a(k) = k**2 - 2*k - 5. Let p = 7 - 4. Let u(j) = -j**3 - 2*j**2 + 7*j - 1. Let f be u(-4). Let i be p - (-1 - -3 - f). Determine a(i).
3
Suppose 8*d - 11*d - 12 = 5*v, -5*v = d + 4. Let g(o) = o - 1. Give g(v).
-1
Let r = 27 + -22. Let s(c) = -2*c - c**2 + 12 + r*c - 13. Determine s(3).
-1
Let g(i) be the first derivative of i**5/120 + i**4/24 - 14*i**3/3 - 1. Let d(l) be the third derivative of g(l). Calculate d(-5).
-4
Suppose -q = -3 - 1. Let x(s) = -7*s - 3. Calculate x(q).
-31
Let s(u) = u**3 - u**2 + u + 24. Let g be s(0). Suppose -9*k = -5*k - g. Suppose 10*x + 8 = k*x. Let n(c) = -3*c**2 - c + 1. Give n(x).
-9
Let g(z) be the second derivative of 1/2*z**4 - 12*z + 1/20*z**5 - z**3 + 1/2*z**2 - 1. Determine g(-7).
-6
Let j(y) = 38*y - 12*y + 3 - 12*y - y**2 - 15*y. What is j(5)?
-27
Let s(b) = -b**2 - 20*b - 25. Let r be s(-19). Let z(k) be the first derivative of k**4/4 + 5*k**3/3 - 7*k**2/2 - 7*k - 3. What is z(r)?
-1
Let l(k) = k**2 + 1. Let j(x) = 26*x**2 - 9*x + 26. Let i(z) = -5*z**2 + 2*z - 5. Let t(g) = 11*i(g) + 2*j(g). Let c(r) = 4*l(r) + t(r). Determine c(-5).
6
Let r(k) = k**3 + 5*k**2 - 3. Suppose 3*j - 3*s = -6, -j + 6*j + s + 28 = 0. Calculate r(j).
-3
Let w(q) = q**3 - 14*q**2 + q - 10. Let t be w(14). Let p be (-10)/t*16/(-10). Let c(f) = p*f + 0 - 5*f + 3*f + 5. Determine c(-5).
-5
Let a(f) = 10*f**2 - 7 - f + 19*f**2 - 28*f**2. What is a(3)?
-1
Let j(a) be the first derivative of -a**4/4 + 8*a**3/3 - 2*a**2 - 9*a + 87. What is j(7)?
12
Let u(v) = -v**3 + 6*v**2 - 2*v + 3. Let j(y) = -y**2 + y - 1. Let g(o) = 4*j(o) + u(o). What is g(3)?
-4
Let w(x) be the first derivative of -x**3/3 - x**2 - 8*x - 244. What is w(-5)?
-23
Suppose -4*n = 2*f - 16, 4*f + 3 = 3*n + 2. Let z(o) = 84*o + 3 - f - 87*o. Calculate z(3).
-8
Let g be (-9)/(-15)*(-2)/((-6)/(-15)). Let d(t) = 4*t**2 + 2*t - 3. Calculate d(g).
27
Let g be 3 + 2*-2 - 5. Let d(v) = -v**3 - 6*v**2 + 6*v + 8. Let k(t) = 2*t**3 + 12*t**2 - 11*t - 15. Let a(p) = -11*d(p) - 6*k(p). Give a(g).
2
Suppose 4*p = 3*y + 2 + 2, 3*p - 5*y - 3 = 0. Let s(x) = x - 1. Determine s(p).
0
Let s be (13 - (-4 - -7)) + -2. Suppose s = -i + 22. Let d(f) = f**3 - 14*f**2 - f + 14. Let v be d(i). Let a(n) = n + 7. Determine a(v).
7
Suppose 5*q - 8*q = -1140. Let j be q/133 - (-1)/7. Let o(t) = -t**3 + 2*t**2 + 3*t - 3. Determine o(j).
-3
Let f(i) = -3*i + 4. Suppose 3*z = -z + 20. Let c(b) = -b**3 - 2*b**2 + 25*b - 6. Let g be c(-6). Let h be 17/z + g/(-20). Give f(h).
-8
Let b = 49 - 47. Let m(j) be the third derivative of -1/120*j**6 - 9*j**b - 1/20*j**5 + 0 + 1/24*j**4 + 0*j - 1/6*j**3. Determine m(-2).
-7
Let i(g) = -g**2 + 2*g + 1. Suppose u - 2 = -s, -3*u + 0*s = -2*s + 9. Give i(u).
-2
Let i(c) = -4*c**3 + 2*c**2 + c. Let v be (2/(-6))/(5/(-30)). What is i(v)?
-22
Let o(v) = 3*v**2 + 23*v - 41. Let k(y) = y**2 + 8*y - 14. Let w(p) = -8*k(p) + 3*o(p). Give w(-6).
-5
Let z(h) = -6*h - 43. Suppose 0 = 5*w - 34 + 64. Let o be z(w). Let b(q) = q**2 + 5*q - 8. Give b(o).
6
Let m = 253 - 248. Let h(j) be the third derivative of j**4/24 - j**3/6 - j**2. Calculate h(m).
4
Let k(j) be the first derivative of j**4/4 + 11*j**3/3 + 6*j**2 + 13*j - 22. Determine k(-10).
-7
Let y(p) = 3*p + p + 2 + 0*p - 7*p + p. Suppose -3*q = q + o - 18, 5*o - 22 = -3*q. What is y(q)?
-6
Let o(j) = -15*j + 1. Let f(s) = -2*s**2 + 1. Let x be f(-3). Let h(c) = 45*c - 3. Let v(y) = x*o(y) - 6*h(y). Determine v(-1).
16
Let i(w) = -2*w - 3. Let l be i(3). Let z(m) = 8 + 6 + 2 - 2*m - 25. Calculate z(l).
9
Let n(v) be the first derivative of v**4/4 + 8*v**3/3 + 4*v**2 - 2*v - 33. Determine n(-7).
-9
Suppose -3*p + 17 - 5 = 0. Let i(z) = 3*z - p*z + 9 - 3*z + z. Determine i(7).
-12
Let q(b) = -22*b**2 - 5*b + 3. Let d(h) = 6*h**2 + h - 1. Let r(x) = 7*d(x) + 2*q(x). Suppose -2*g - 4 = 4*w, g + 12 = -5*w + 2*g. Determine r(w).
-3
Let f be (4/8)/(1/6). Let l(z) = -3*z**2 - 6*z + 2*z + 6*z**f - 5*z**3 - 2*z + 2. Give l(4).
-6
Let u(z) = z**3 + 9*z**2 + 14*z + 5. Let d(p) = p**2 - 25*p + 107. Let o be d(19). What is u(o)?
5
Let d(o) = o - 6. Let f be (-1 - 25/(-10))*(-20)/(-6). What is d(f)?
-1
Let z(m) = m**2 - 3*m**2 - 2 + 2*m + m**2. Let p(q) = q**2 + 11*q - 77. Let o be p(-16). Give z(o).
-5
Let t be -2 + -3 + 12 - 4. Suppose 2*m - 8 = 4*w - 0*m, -6 = 3*